he tens digit of -4 - (-8 + -1240) - (-2 - 3)?
4
Let j(y) be the third derivative of -y**6/120 + y**5/15 + 7*y**4/24 - 2*y**3/3 + 27*y**2. What is the units digit of j(-3)?
8
Let o = 63 + -136. Let s = o - -196. Suppose 4*i - 4*d = -7*d + s, 2*i = -d + 61. What is the units digit of i?
0
Suppose 0 = 3*k - 13 + 1. Let v be 3/(k/((-184)/3)). Let f = v + 94. What is the units digit of f?
8
Let l(c) = 32*c + 96. What is the tens digit of l(8)?
5
Let b(d) = d**2 - d - 22 + 45 + 17*d. What is the units digit of b(-16)?
3
Suppose 108 = -0*v + 3*v. What is the units digit of (-4)/v*3*-3?
1
What is the tens digit of 1 + (1638 - (-9 - -5))?
4
What is the units digit of 16*(35/(-10) + 5)?
4
Suppose 2 = -0*f + 2*f. Let q(d) = d**2 + 2*d. Let g be q(f). Suppose 0 = 4*a - g*p - 31, -2*a - 3*a + p = -36. What is the units digit of a?
7
Let k(y) = y + 2. Let f be k(-1). Suppose 3*i = -5*g - 8, -2*i - 15 = -g + 12. Let w = f - i. What is the tens digit of w?
1
Suppose 0 = 2*c - 6, c - 5*c = -3*v + 747. What is the hundreds digit of v?
2
Suppose h - 5*c = -3*c + 13, -h - 3*c - 7 = 0. Suppose 2*k - 29 = 5*v - 7, 3*k = -4*v + 33. What is the units digit of (4 - h)/((-1)/k)?
1
Suppose -111 = 2*a - a. Let b = a - -155. What is the tens digit of b?
4
Suppose w - 64 = -2*x, 2*x - 3*w = w + 44. What is the tens digit of (663/x + 6/15)*2?
4
Let f(z) = 4*z**3 - 12*z**2 + 2*z + 3. What is the tens digit of f(6)?
4
Let b(h) = -h**3 + 5*h**2 - 2*h - 4. Let q be b(3). Suppose 1 = g - 4*f, 2 = 2*g - 3*f + q*f. What is the units digit of -24*(g + 12/(-9))?
8
Suppose 40 = 5*f + 5*f. What is the units digit of (6*22)/((-21)/(-112)*f)?
6
Suppose -5*w = 4*o - 1592, 4*w = 4*o + 5*w - 1608. What is the units digit of o?
3
Let j be 2 - (-31 + -1 - -2). Suppose 0 = 2*r - 152 + j. What is the tens digit of 8*(r/16 + 1)?
3
Let r(n) = -36*n + 3. What is the units digit of r(-15)?
3
Let q = 1404 - 824. What is the tens digit of q?
8
Suppose r + 5*t - 1 = 0, 0*t - 3*t = -r + 9. Let k = r - 8. Let q = 0 - k. What is the units digit of q?
2
Let m = -18 + 23. Suppose m*a + 0*a = 315. What is the units digit of a?
3
Let w = 2 - -1. Let q = 18 - 26. Let c = w - q. What is the tens digit of c?
1
Let z(h) be the second derivative of h**5/20 + h**4/12 - h**3/6 + 31*h**2 - 2*h. What is the units digit of z(0)?
2
Suppose -2*g = -4*n + 1220, -2*n + 323 = -n - 5*g. What is the tens digit of n?
0
Suppose 6*w - 559 = 17. Suppose 8*b = 11*b - w. What is the units digit of b?
2
Let y = 489 + -358. What is the units digit of y?
1
Let w = -409 + 755. What is the units digit of w?
6
What is the hundreds digit of (-1 - 93/6)*(-66)/3?
3
Suppose -5*x + 2670 = -5*f, 5*f = -5*x - 0*f + 2670. What is the hundreds digit of x?
5
Suppose 3*l - 3*j = -0*l - 954, 2*j = 3*l + 958. Let s = l - -460. Suppose 3*t - s = -0*x + 3*x, 4*x = 16. What is the tens digit of t?
5
What is the hundreds digit of (-44)/66 - (-728)/3?
2
Suppose 0 = -4*t + 4*s, -2*t - 2*s + 0*s = 4. What is the tens digit of 45 + -2 + t + 6?
4
Let n(t) = -t**2 - 9*t - 17. Let q(l) = -l**2 - 9*l - 16. Let j(z) = 4*n(z) - 5*q(z). What is the units digit of j(-8)?
4
Suppose -4*k = -5*k + 16. Suppose 4*j = -2*m + 56, -3*j - k = -2*m + j. What is the units digit of m?
8
Let b(t) = -t**2 - 6*t - 4. Let i be b(-7). Let m = 0 - i. Let n(x) = x**2 - 12*x + 12. What is the units digit of n(m)?
1
Let n(p) = p**2 - p - 1. Let k be n(3). Suppose 0 = 2*u - u + 3*y + 7, -17 = -k*u - 2*y. What is the tens digit of 38 + (1/1 - u)?
3
Suppose 4*v - 4*b - 6 = 2, -5*b + 10 = 0. Suppose 2*a = v*a - 106. What is the tens digit of a?
5
Suppose 0 = 4*w + 3*g - 14, 2*g - 6 - 4 = -3*w. Let h(m) = -w*m**2 - 34*m**3 + 16*m**3 - 1 + 3*m + 0 + 17*m**3. What is the units digit of h(-4)?
9
Let j(n) = -82*n. Let o be j(-1). Suppose 5*m - 392 = -o. Suppose -2*h - m = -5*h + 4*k, -4*k = -h + 10. What is the tens digit of h?
2
Suppose -53314 = -19*f - 6916. What is the units digit of f?
2
Let v be 158/18 + (-4)/(-18). Let m be 1 + 6/(v/3). Suppose 32 = 5*w - m*w. What is the tens digit of w?
1
Let d(a) be the third derivative of 5/6*a**3 + 1/24*a**4 + 0*a + 0 - 7*a**2. What is the units digit of d(8)?
3
Let p(o) = -o**3 + 12*o**2 - o - 15. Let c be p(12). Let d = c - -40. What is the units digit of (d - 14)/((-1)/9)?
9
Let i(n) = 6*n**2 + 19*n - 4. What is the hundreds digit of i(-13)?
7
Let r(z) = 30*z**3 + z**2 - 22*z + 13. What is the hundreds digit of r(4)?
8
Let z(h) = 3 + 20*h - 16*h - 11 + 0. What is the tens digit of z(21)?
7
Let n(w) = w**2 + 4*w - 6. Let a be n(-6). Let b be ((-33)/a - 3)*-2. Suppose -3*p + 9 = -p + q, b = p - 2*q. What is the units digit of p?
7
Suppose f + 4*d - 132 = 0, 3*f - 2*f - 2*d = 114. What is the hundreds digit of f?
1
Suppose -5*p + 3*x + 26519 = 0, 11*p + 26495 = 16*p + 5*x. What is the tens digit of p?
0
Let j(t) = 25*t**2 + 37*t - 29. What is the hundreds digit of j(-9)?
6
Let o(v) = -v**3 + 2*v**2 + 4*v - 1. Let g be o(3). Suppose 6*m = g*m + 532. What is the units digit of m?
3
Suppose -5*n + 0 = 5*f + 5, -4*f = -2*n + 34. What is the tens digit of f/(-3 - (-279)/96)?
6
Let d(f) = -f - 7. Let i be d(-10). Suppose -3*w + i = 9. What is the units digit of (42/(-4))/(1/w)?
1
Suppose 0 = -0*g - 5*g. Suppose -3*c + c + 16 = g. Suppose 0 = -4*z + c*z - 64. What is the tens digit of z?
1
Suppose -c + 0*j + 11 = -5*j, -5*j - 17 = -2*c. Suppose 2*k = -c*z + z + 414, 2*z - 209 = -k. What is the hundreds digit of k?
2
Let k be ((-36)/(-7))/(6/42). Suppose -5*p + k = -2*p. What is the tens digit of p?
1
Suppose 2*d = -5*k - d + 647, 0 = -5*k - 2*d + 648. Let f = k - 43. What is the units digit of f?
7
Let z(t) = -4*t**3 + 1 + 4*t**3 + t**3 - t + 2*t**2. Let d be z(-2). Suppose 0 = 2*r - 1 - d. What is the units digit of r?
2
Suppose 0 = -5*o + l + 17, 6*o - 2*o + l = 10. What is the units digit of o?
3
Let w = 14 + 46. Suppose 5*k - 2*d = 475, 0*d + 190 = 2*k - 4*d. Let t = k - w. What is the tens digit of t?
3
Suppose 2*n + 2*n - 5320 = -4*z, 5*n - 3*z = 6682. What is the units digit of n?
4
Suppose 0*v - 30 = 6*v. Let a be 2/v - (-3114)/(-90). Let k = -29 - a. What is the units digit of k?
6
Let u(t) = -2*t**2 - 137*t + 195. What is the hundreds digit of u(-60)?
2
Let z = 80 + -75. Suppose 297 = 4*v + z. What is the tens digit of v?
7
Let m = 11 - -44. Let o = m - 49. What is the units digit of o?
6
Suppose 0 = 3*y + 2*u - 158, 2*u - u - 107 = -2*y. Let a = y + 60. What is the hundreds digit of a?
1
Let k(j) = 2*j + 4. Suppose -5*t + 2004 = -376. Let n be 1/5 + t/70. What is the units digit of k(n)?
8
Suppose -6 = m - 3*m. Suppose -3*d + w = -86, -5*w = 5*d - m*w - 158. Let g = d + -1. What is the units digit of g?
9
Let u = 2115 + -1485. What is the tens digit of u?
3
Let w(x) = 114*x - 7. Let z be w(2). Suppose -2*m + 29 = -z. What is the tens digit of m?
2
Suppose 7 = -4*v + 3. Let f be (2 - v) + (-2)/1. Suppose 3*c - 22 = -f. What is the units digit of c?
7
Let t(g) be the first derivative of 2*g**3/3 - 2*g + 2. Let u be t(-7). Suppose -8*a + 4*a + u = 0. What is the tens digit of a?
2
Let a(c) be the first derivative of -c**4/4 + 7*c**3/3 + c**2/2 + 1. Let h be a(7). Suppose -3 + h = r. What is the units digit of r?
4
Suppose -4*f = -3*f + 3, -3*r - 4*f + 13155 = 0. What is the units digit of r?
9
Let b = -71 - -378. What is the hundreds digit of b?
3
Suppose -5*h + 2*s = 232, 4*h + 0*h + 2*s = -200. Let t = h - -57. What is the units digit of t?
9
Suppose 382 = 4*o + 42. Let f = 230 + o. What is the tens digit of f/14 - 2/(-4)?
2
Let d = 1217 + -745. What is the units digit of d?
2
Let t = 28 + -7. Let u be 6/t - 5/(-7). Suppose 0 = 2*b - 33 - u. What is the units digit of b?
7
Let r = 2 - -1. Suppose -60 = -r*m - 0*m. What is the units digit of (-4)/(-2)*10/m?
1
Suppose 3*m + 759 = 3*r, 4*m + 3*r + 215 = -790. Let l be (-9 + -3)/(3/m). What is the tens digit of 2/11 - l/(-22)?
4
Suppose 3*v - 15 = 2*r - 3*r, v - 3*r = -5. Suppose 0 = q + v*q. Let f = q + 10. What is the tens digit of f?
1
Suppose n = 2*n - 3. Let k be 222/(4 - n) - -1. Suppose -b = 5, -5*x + 62 = -4*b - k. What is the tens digit of x?
5
Suppose -354 = -5*b - b. What is the tens digit of b?
5
What is the thousands digit of 39/(-91) + (-33294)/(-21)?
1
Let l be ((-6)/9*-24)/(-1).